are the prime factors of 18781859?
101, 185959
List the prime factors of 2966310.
2, 3, 5, 23, 1433
What are the prime factors of 2050766?
2, 1025383
What are the prime factors of 806898?
2, 3, 181, 743
What are the prime factors of 102249?
3, 7, 541
What are the prime factors of 3474024?
2, 3, 144751
What are the prime factors of 4720350?
2, 3, 5, 31469
What are the prime factors of 1919789?
1919789
List the prime factors of 884952.
2, 3, 17, 241
List the prime factors of 162027.
3, 17, 353
List the prime factors of 8503313.
7, 13, 1907
What are the prime factors of 588542?
2, 103, 2857
What are the prime factors of 26934568?
2, 3366821
List the prime factors of 2449289.
37, 53, 1249
What are the prime factors of 32909453?
263, 125131
List the prime factors of 134943.
3, 31, 1451
List the prime factors of 586335.
3, 5, 39089
What are the prime factors of 508763?
19, 26777
What are the prime factors of 29697078?
2, 3, 113, 43801
List the prime factors of 4588602.
2, 3, 269, 2843
What are the prime factors of 7109246?
2, 383, 9281
What are the prime factors of 1491302?
2, 739, 1009
List the prime factors of 2208986.
2, 13, 84961
List the prime factors of 6083261.
1009, 6029
What are the prime factors of 445904?
2, 29, 31
List the prime factors of 2659401.
3, 47, 6287
What are the prime factors of 5690576?
2, 19, 18719
What are the prime factors of 372190?
2, 5, 7, 13, 409
What are the prime factors of 3833010?
2, 3, 5, 42589
List the prime factors of 236698.
2, 7, 11, 29, 53
List the prime factors of 7368161.
193, 38177
List the prime factors of 110511.
3, 4093
What are the prime factors of 396656?
2, 13, 1907
List the prime factors of 1401828.
2, 3, 116819
List the prime factors of 5345450.
2, 5, 11, 9719
What are the prime factors of 87221?
87221
List the prime factors of 334381.
19, 17599
List the prime factors of 117442.
2, 13, 4517
List the prime factors of 2832074.
2, 7, 202291
What are the prime factors of 839765?
5, 167953
List the prime factors of 441382.
2, 199, 1109
What are the prime factors of 1363670?
2, 5, 7, 11, 23
What are the prime factors of 1161646?
2, 67, 8669
List the prime factors of 13845562.
2, 83, 83407
What are the prime factors of 234524?
2, 58631
List the prime factors of 6519606.
2, 3, 29, 89, 421
What are the prime factors of 48922?
2, 61, 401
What are the prime factors of 244593?
3, 9059
What are the prime factors of 2653680?
2, 3, 5, 11057
List the prime factors of 44656724.
2, 7, 1594883
What are the prime factors of 1846776?
2, 3, 76949
What are the prime factors of 18177699?
3, 19, 318907
List the prime factors of 1201902.
2, 3, 13, 19, 811
List the prime factors of 35846887.
421, 85147
What are the prime factors of 28638?
2, 3, 37, 43
List the prime factors of 375308.
2, 93827
What are the prime factors of 1014036?
2, 3, 84503
What are the prime factors of 13617259?
59, 149, 1549
What are the prime factors of 274944?
2, 3, 179
What are the prime factors of 44656?
2, 2791
What are the prime factors of 487769?
487769
What are the prime factors of 417175?
5, 11, 37, 41
List the prime factors of 395278.
2, 13, 23, 661
List the prime factors of 583085.
5, 277, 421
What are the prime factors of 3638632?
2, 157, 2897
What are the prime factors of 1548190?
2, 5, 7, 17, 1301
List the prime factors of 4782579.
3, 47, 107, 317
What are the prime factors of 4597984?
2, 143687
List the prime factors of 240979.
397, 607
List the prime factors of 879406.
2, 11, 71, 563
List the prime factors of 16741875.
3, 5, 8929
List the prime factors of 4170574.
2, 2085287
List the prime factors of 37943.
19, 1997
What are the prime factors of 7165011?
3, 7, 341191
What are the prime factors of 2307847?
179, 12893
What are the prime factors of 652843?
41, 15923
What are the prime factors of 425259?
3, 47251
List the prime factors of 355258.
2, 23, 7723
What are the prime factors of 3177010?
2, 5, 317701
What are the prime factors of 17591212?
2, 4397803
What are the prime factors of 284331?
3, 94777
List the prime factors of 31773857.
211, 150587
List the prime factors of 1793664.
2, 3, 173
What are the prime factors of 1181639?
139, 8501
List the prime factors of 158334.
2, 3, 11, 2399
List the prime factors of 2082902.
2, 1041451
What are the prime factors of 598580?
2, 5, 173
What are the prime factors of 21273?
3, 7, 1013
What are the prime factors of 23372743?
571, 40933
List the prime factors of 1481402.
2, 13, 227, 251
What are the prime factors of 2415226?
2, 11, 311, 353
List the prime factors of 1587424.
2, 113, 439
What are the prime factors of 628639?
11, 57149
What are the prime factors of 522464?
2, 29, 563
What are the prime factors of 536231?
17, 31543
List the prime factors of 152166.
2, 3, 7, 3623
What are the prime factors of 2257296?
2, 3, 31, 37, 41
List the prime factors of 447801.
3, 61, 2447
List the prime factors of 497306.
2, 19, 23, 569
What are the prime factors of 2020951?
127, 15913
What are the prime factors of 253582?
2, 7, 59, 307
What are the prime factors of 13180031?
13180031
List the prime factors of 3293278.
2, 23, 71593
List the prime factors of 213140.
2, 5, 10657
List the prime factors of 660350.
2, 5, 47, 281
List the prime factors of 17193414.
2, 3, 7, 58481
What are the prime factors of 626941?
7, 89563
List the prime factors of 12450679.
113, 110183
What are the prime factors of 293717?
293717
List the prime factors of 209635.
5, 41927
List the prime factors of 564033.
3, 188011
List the prime factors of 870297.
3, 23, 12613
What are the prime factors of 348941?
173, 2017
List the prime factors of 308803.
11, 67, 419
What are the prime factors of 233056?
2, 7283
What are the prime factors of 38518051?
11, 13, 47, 521
List the prime factors of 2074214.
2, 103, 10069
What are the prime factors of 7660056?
2, 3, 319169
What are the prime factors of 830573?
173, 4801
List the prime factors of 1817438.
2, 7, 43, 3019
List the prime factors of 2851823.
13, 219371
What are the prime factors of 762773?
11, 17, 4079
List the prime factors of 2643642.
2, 3, 227, 647
List the prime factors of 178707.
3, 71, 839
What are the prime factors of 1301138?
2, 619, 1051
List the prime factors of 6794987.
6794987
What are the prime factors of 200558?
2, 100279
What are the prime factors of 6276522?
2, 3, 7, 149441
What are the prime factors of 13815279?
3, 6317
What are the prime factors of 2161608?
2, 3, 90067
List the prime factors of 595605.
3, 5, 59, 673
List the prime factors of 34716406.
2, 17358203
What are the prime factors of 155449?
7, 53, 419
List the prime factors of 202678.
2, 7, 31, 467
What are the prime factors of 1059949?
11, 167, 577
What are the prime factors of 2865741?
3, 17, 83, 677
List the prime factors of 2771351.
11, 251941
List the prime factors of 1051248.
2, 3, 11, 181
What are the prime factors of 55588?
2, 13, 1069
List the prime factors of 574676.
2, 143669
What are the prime factors of 54863?
83, 661
List the prime factors of 106770.
2, 3, 5, 3559
List the prime factors of 5468121.
3, 31, 47, 139
List the prime factors of 68766.
2, 3, 73, 157
What are the prime factors of 362722?
2, 181361
List the prime factors of 7203110.
2, 5, 720311
List the prime factors of 2135063.
7, 31, 9839
List the prime factors of 52233.
3, 23, 757
What are the prime factors of 32105127?
3, 67, 211, 757
What are the prime factors of 465040?
2, 5, 5813
List the prime factors of 2965558.
2, 19, 78041
List the prime factors of 4923905.
5, 7, 140683
What are the prime factors of 30962?
2, 113, 137
List the prime factors of 235441.
235441
List the prime factors of 145211.
11, 43, 307
List the prime factors of 34678386.
2, 3, 47, 179, 229
What are the prime factors of 1350159?
3, 19, 23687
List the prime factors of 1361888.
2, 11, 53, 73
List the prime factors of 5040899.
5040899
What are the prime factors of 13381334?
2, 41, 53, 3079
What are the prime factors of 848691?
3, 17, 43
List the prime factors of 7293057.
3, 167, 14557
List the prime factors of 821068.
2, 205267
List the prime factors of 910466.
2, 455233
List the prime factors of 916714.
2, 458357
List the prime factors of 309403.
309403
List the prime factors of 1493902.
2, 746951
What are the prime factors of 5991066?
2, 3, 332837
List th